{"id":2716,"date":"2020-01-30T10:03:00","date_gmt":"2020-01-30T08:03:00","guid":{"rendered":"http:\/\/www.bachmann-museum.de\/?page_id=2716"},"modified":"2020-01-30T10:03:00","modified_gmt":"2020-01-30T08:03:00","slug":"unser-leitbild","status":"publish","type":"page","link":"https:\/\/www.bachmann-museum.de\/?page_id=2716","title":{"rendered":"Unser Leitbild"},"content":{"rendered":"<p><strong>Unser Selbstverst\u00e4ndnis<\/strong><\/p>\n<p>Das Bachmann-Museum Bremerv\u00f6rde, benannt nach dem Sammlungsgr\u00fcnder August Bachmann, versteht sich als Universalmuseum und Wissensspeicher f\u00fcr das zentrale Elbe-Weser-Dreieck. Als die gr\u00f6\u00dfte museale Einrichtung im Landkreis Rotenburg (W\u00fcmme) verf\u00fcgt es mit etwa 80.000 Zeugnissen aus der Geologie, Arch\u00e4ologie, Geschichte, Naturkunde und Volkskunde \u00fcber eine der umfangreichsten Sammlungen zur Region. Damit erm\u00f6glicht es einen umfassenden Blick auf die historische, kulturgeschichtliche und landschaftsgeschichtliche Entwicklung der Region von der \u00e4ltesten Erdgeschichte bis in die Gegenwart.<\/p>\n<p><strong>Unsere gesellschaftliche Aufgabe<\/strong><\/p>\n<p>Mit der zuk\u00fcnftigen Neukonzeption wollen wir das Museum zu einem Ort entwickeln, an dem unser Wissen \u00fcber die Region lebendig wird und wir Menschen durch eine besucherorientierte Vermittlung f\u00fcr diese Wissenssch\u00e4tze begeistern. Das Museum leistet damit einen Beitrag zur Diskussion eines kulturellen und gemeinsamen regionalen Bewusstseins. Dar\u00fcber hinaus schaffen wir f\u00fcr unsere Besucherinnen und Besucher ein Angebot zur eigenen Reflexion. Als zentrales Museum f\u00fcr den Landkreis Rotenburg (W\u00fcmme) und die Stadt Bremerv\u00f6rde gestalten wir das Haus zu einem auch \u00fcberregional beachteten Wissens- und Vermittlungsort.<\/p>\n<p>Wir verstehen das Bachmann-Museum dabei als kulturellen Bildungs-, Veranstaltungs- und Begegnungsort. Mit den zuk\u00fcnftigen Ausstellungen und mit den umfangreichen Vermittlungs- und Veranstaltungsangeboten wollen wir bei Besucherinnen und Besuchern aus allen Generationen und Bildungsschichten Neugier wecken sowie Anreize f\u00fcr ein au\u00dferschulisches und lebenslanges Lernen und Entdecken geben.<\/p>\n<p><strong>Unsere langfristigen Ziele<\/strong><\/p>\n<p>Das Bachmann-Museum widmet sich den klassischen Museumsaufgaben Sammeln, Bewahren, Forschen und Dokumentieren sowie Ausstellen und Vermitteln.<\/p>\n<p>Unsere Sammlung ist das Fundament und die gro\u00dfe St\u00e4rke des Museums. Sie zu bewahren und anderen zug\u00e4nglich zu machen, ist daher eine wichtige Aufgabe f\u00fcr uns, die wir zuk\u00fcnftig durch ein zentrales Depot besser erf\u00fcllen wollen. Zur Erschlie\u00dfung unserer Wissenssch\u00e4tze erforschen wir die Sammlung und ihre Geschichte. Unsere Forschungsergebnisse und unser Wissen geben wir sowohl in der zuk\u00fcnftig neukonzipierten Ausstellung, die das Herzst\u00fcck unseres Hauses darstellen wird, als auch in Sonderausstellungen weiter. Durch zielgruppengerechte Angebote und Veranstaltungen sowie den Einsatz erlebnisorientierter Vermittlungsmethoden erm\u00f6glichen wir allen unseren Besucherinnen und Besuchern einen Zugang zu unserem Wissen. F\u00fcr Schulklassen bieten wir spezielle lehrplanorientierte Programme an.<\/p>\n<p><strong>Unsere Zielgruppen und Partner<\/strong><\/p>\n<p>Das Bachmann-Museum befindet sich in dem letzten noch stehenden Geb\u00e4ude des ehemaligen Bremerv\u00f6rder Schlosses. Mit seinem historischen Ambiente sowie dem umliegenden Schlosspark bieten wir eine freundliche und offene Atmosph\u00e4re. Wir hei\u00dfen hier jeden willkommen. Wichtige Zielgruppen sind f\u00fcr uns die Bev\u00f6lkerung des Landkreises, Schulklassen und ausw\u00e4rtige G\u00e4ste, die die Natur- und Kulturlandschaft im Herzen des Elbe-Weser-Dreiecks kennen lernen wollen. Kolleginnen und Kollegen aus Museum und Wissenschaft und alle, die sich f\u00fcr die Geschichte der Region und unsere Arbeit interessieren, laden wir ein, unsere Wissenssch\u00e4tze zu nutzen und sich mit uns auszutauschen. Wir wollen das Museum noch st\u00e4rker als wichtigen kulturellen Ansprechpartner etablieren. Wir sind offen f\u00fcr Kooperationen und freuen uns, gemeinsam mit anderen neue Wege zu gehen. Zudem sehen wir das Museum als Aus- und Weiterbildungsort, der mit seinen verschiedensten Wissens- und Arbeitsbereichen gerade j\u00fcngeren Menschen auch eine berufliche Orientierung bieten kann. F\u00fcr unsere Tr\u00e4ger und F\u00f6rderer sind wir ein zuverl\u00e4ssiger, kreativer und in der \u00f6ffentlichen Wahrnehmung gut verankerter Partner.<\/p>\n<p><strong>Unsere Werte und unser Umgang miteinander<\/strong><\/p>\n<p>Mit den uns zur Verf\u00fcgung gestellten Mitteln und Ressourcen gehen wir verantwortungsvoll und wirtschaftlich im Sinne der Stiftungsaufgaben um.<\/p>\n<p>Wir arbeiten zielorientiert als Team in einer flachen Hierarchie. Alle \u00fcbernehmen Verantwortung f\u00fcr ihre Aufgabenbereiche und f\u00fcr die \u00fcbertragenen Aufgaben und Projekte. Wir kommunizieren direkt und tauschen uns regelm\u00e4\u00dfig \u00fcber den Stand der einzelnen Projekte und Arbeiten aus. Dabei legen wir Wert auf eine offene und respektvolle Kommunikation, erkennen Leistung gegenseitig an und lassen Kritik zu. Wir profitieren von den Qualifikationen und Erfahrungen jedes einzelnen Teammitglieds. Die Qualit\u00e4t unserer Museumsarbeit entwickeln wir im Sinne der nationalen und internationalen Museumsstandards von DMB und ICOM st\u00e4ndig weiter.<\/p>\n<p>(Stand: 2019)<\/p>\n","protected":false},"excerpt":{"rendered":"<p>Unser Selbstverst\u00e4ndnis Das Bachmann-Museum Bremerv\u00f6rde, benannt nach dem Sammlungsgr\u00fcnder August Bachmann, versteht sich als Universalmuseum und Wissensspeicher f\u00fcr das zentrale Elbe-Weser-Dreieck. Als die gr\u00f6\u00dfte museale Einrichtung im Landkreis Rotenburg (W\u00fcmme) verf\u00fcgt es mit etwa 80.000 Zeugnissen aus der Geologie, Arch\u00e4ologie, Geschichte, Naturkunde und Volkskunde \u00fcber eine der umfangreichsten Sammlungen zur Region. Damit erm\u00f6glicht es einen [&hellip;]<\/p>\n","protected":false},"author":1,"featured_media":0,"parent":42,"menu_order":1,"comment_status":"closed","ping_status":"closed","template":"","meta":{"footnotes":""},"class_list":["post-2716","page","type-page","status-publish","hentry"],"yoast_head":"<!-- This site is optimized with the Yoast SEO plugin v27.5 - https:\/\/yoast.com\/product\/yoast-seo-wordpress\/ -->\n<title>Unser Leitbild - Bachmann-Museum Bremerv\u00f6rde<\/title>\n<meta name=\"robots\" content=\"index, follow, max-snippet:-1, max-image-preview:large, max-video-preview:-1\" \/>\n<link rel=\"canonical\" href=\"https:\/\/www.bachmann-museum.de\/?page_id=2716\" \/>\n<meta property=\"og:locale\" content=\"de_DE\" \/>\n<meta property=\"og:type\" content=\"article\" \/>\n<meta property=\"og:title\" content=\"Unser Leitbild - Bachmann-Museum Bremerv\u00f6rde\" \/>\n<meta property=\"og:description\" content=\"Unser Selbstverst\u00e4ndnis Das Bachmann-Museum Bremerv\u00f6rde, benannt nach dem Sammlungsgr\u00fcnder August Bachmann, versteht sich als Universalmuseum und Wissensspeicher f\u00fcr das zentrale Elbe-Weser-Dreieck. Als die gr\u00f6\u00dfte museale Einrichtung im Landkreis Rotenburg (W\u00fcmme) verf\u00fcgt es mit etwa 80.000 Zeugnissen aus der Geologie, Arch\u00e4ologie, Geschichte, Naturkunde und Volkskunde \u00fcber eine der umfangreichsten Sammlungen zur Region. Damit erm\u00f6glicht es einen [&hellip;]\" \/>\n<meta property=\"og:url\" content=\"https:\/\/www.bachmann-museum.de\/?page_id=2716\" \/>\n<meta property=\"og:site_name\" content=\"Bachmann-Museum Bremerv\u00f6rde\" \/>\n<meta name=\"twitter:card\" content=\"summary_large_image\" \/>\n<meta name=\"twitter:label1\" content=\"Gesch\u00e4tzte Lesezeit\" \/>\n\t<meta name=\"twitter:data1\" content=\"3\u00a0Minuten\" \/>\n<script type=\"application\/ld+json\" class=\"yoast-schema-graph\">{\"@context\":\"https:\\\/\\\/schema.org\",\"@graph\":[{\"@type\":\"WebPage\",\"@id\":\"https:\\\/\\\/www.bachmann-museum.de\\\/?page_id=2716\",\"url\":\"https:\\\/\\\/www.bachmann-museum.de\\\/?page_id=2716\",\"name\":\"Unser Leitbild - Bachmann-Museum Bremerv\u00f6rde\",\"isPartOf\":{\"@id\":\"https:\\\/\\\/www.bachmann-museum.de\\\/#website\"},\"datePublished\":\"2020-01-30T08:03:00+00:00\",\"breadcrumb\":{\"@id\":\"https:\\\/\\\/www.bachmann-museum.de\\\/?page_id=2716#breadcrumb\"},\"inLanguage\":\"de\",\"potentialAction\":[{\"@type\":\"ReadAction\",\"target\":[\"https:\\\/\\\/www.bachmann-museum.de\\\/?page_id=2716\"]}]},{\"@type\":\"BreadcrumbList\",\"@id\":\"https:\\\/\\\/www.bachmann-museum.de\\\/?page_id=2716#breadcrumb\",\"itemListElement\":[{\"@type\":\"ListItem\",\"position\":1,\"name\":\"Start\",\"item\":\"https:\\\/\\\/www.bachmann-museum.de\\\/\"},{\"@type\":\"ListItem\",\"position\":2,\"name\":\"Museum\",\"item\":\"https:\\\/\\\/www.bachmann-museum.de\\\/?page_id=42\"},{\"@type\":\"ListItem\",\"position\":3,\"name\":\"Unser Leitbild\"}]},{\"@type\":\"WebSite\",\"@id\":\"https:\\\/\\\/www.bachmann-museum.de\\\/#website\",\"url\":\"https:\\\/\\\/www.bachmann-museum.de\\\/\",\"name\":\"Bachmann-Museum Bremerv\u00f6rde\",\"description\":\"\",\"potentialAction\":[{\"@type\":\"SearchAction\",\"target\":{\"@type\":\"EntryPoint\",\"urlTemplate\":\"https:\\\/\\\/www.bachmann-museum.de\\\/?s={search_term_string}\"},\"query-input\":{\"@type\":\"PropertyValueSpecification\",\"valueRequired\":true,\"valueName\":\"search_term_string\"}}],\"inLanguage\":\"de\"}]}<\/script>\n<!-- \/ Yoast SEO plugin. -->","yoast_head_json":{"title":"Unser Leitbild - Bachmann-Museum Bremerv\u00f6rde","robots":{"index":"index","follow":"follow","max-snippet":"max-snippet:-1","max-image-preview":"max-image-preview:large","max-video-preview":"max-video-preview:-1"},"canonical":"https:\/\/www.bachmann-museum.de\/?page_id=2716","og_locale":"de_DE","og_type":"article","og_title":"Unser Leitbild - Bachmann-Museum Bremerv\u00f6rde","og_description":"Unser Selbstverst\u00e4ndnis Das Bachmann-Museum Bremerv\u00f6rde, benannt nach dem Sammlungsgr\u00fcnder August Bachmann, versteht sich als Universalmuseum und Wissensspeicher f\u00fcr das zentrale Elbe-Weser-Dreieck. Als die gr\u00f6\u00dfte museale Einrichtung im Landkreis Rotenburg (W\u00fcmme) verf\u00fcgt es mit etwa 80.000 Zeugnissen aus der Geologie, Arch\u00e4ologie, Geschichte, Naturkunde und Volkskunde \u00fcber eine der umfangreichsten Sammlungen zur Region. Damit erm\u00f6glicht es einen [&hellip;]","og_url":"https:\/\/www.bachmann-museum.de\/?page_id=2716","og_site_name":"Bachmann-Museum Bremerv\u00f6rde","twitter_card":"summary_large_image","twitter_misc":{"Gesch\u00e4tzte Lesezeit":"3\u00a0Minuten"},"schema":{"@context":"https:\/\/schema.org","@graph":[{"@type":"WebPage","@id":"https:\/\/www.bachmann-museum.de\/?page_id=2716","url":"https:\/\/www.bachmann-museum.de\/?page_id=2716","name":"Unser Leitbild - Bachmann-Museum Bremerv\u00f6rde","isPartOf":{"@id":"https:\/\/www.bachmann-museum.de\/#website"},"datePublished":"2020-01-30T08:03:00+00:00","breadcrumb":{"@id":"https:\/\/www.bachmann-museum.de\/?page_id=2716#breadcrumb"},"inLanguage":"de","potentialAction":[{"@type":"ReadAction","target":["https:\/\/www.bachmann-museum.de\/?page_id=2716"]}]},{"@type":"BreadcrumbList","@id":"https:\/\/www.bachmann-museum.de\/?page_id=2716#breadcrumb","itemListElement":[{"@type":"ListItem","position":1,"name":"Start","item":"https:\/\/www.bachmann-museum.de\/"},{"@type":"ListItem","position":2,"name":"Museum","item":"https:\/\/www.bachmann-museum.de\/?page_id=42"},{"@type":"ListItem","position":3,"name":"Unser Leitbild"}]},{"@type":"WebSite","@id":"https:\/\/www.bachmann-museum.de\/#website","url":"https:\/\/www.bachmann-museum.de\/","name":"Bachmann-Museum Bremerv\u00f6rde","description":"","potentialAction":[{"@type":"SearchAction","target":{"@type":"EntryPoint","urlTemplate":"https:\/\/www.bachmann-museum.de\/?s={search_term_string}"},"query-input":{"@type":"PropertyValueSpecification","valueRequired":true,"valueName":"search_term_string"}}],"inLanguage":"de"}]}},"jetpack_sharing_enabled":true,"jetpack_shortlink":"https:\/\/wp.me\/P5DgYi-HO","jetpack-related-posts":[],"_links":{"self":[{"href":"https:\/\/www.bachmann-museum.de\/index.php?rest_route=\/wp\/v2\/pages\/2716","targetHints":{"allow":["GET"]}}],"collection":[{"href":"https:\/\/www.bachmann-museum.de\/index.php?rest_route=\/wp\/v2\/pages"}],"about":[{"href":"https:\/\/www.bachmann-museum.de\/index.php?rest_route=\/wp\/v2\/types\/page"}],"author":[{"embeddable":true,"href":"https:\/\/www.bachmann-museum.de\/index.php?rest_route=\/wp\/v2\/users\/1"}],"replies":[{"embeddable":true,"href":"https:\/\/www.bachmann-museum.de\/index.php?rest_route=%2Fwp%2Fv2%2Fcomments&post=2716"}],"version-history":[{"count":3,"href":"https:\/\/www.bachmann-museum.de\/index.php?rest_route=\/wp\/v2\/pages\/2716\/revisions"}],"predecessor-version":[{"id":2872,"href":"https:\/\/www.bachmann-museum.de\/index.php?rest_route=\/wp\/v2\/pages\/2716\/revisions\/2872"}],"up":[{"embeddable":true,"href":"https:\/\/www.bachmann-museum.de\/index.php?rest_route=\/wp\/v2\/pages\/42"}],"wp:attachment":[{"href":"https:\/\/www.bachmann-museum.de\/index.php?rest_route=%2Fwp%2Fv2%2Fmedia&parent=2716"}],"curies":[{"name":"wp","href":"https:\/\/api.w.org\/{rel}","templated":true}]}}